{"id":135,"date":"2025-06-21T13:11:22","date_gmt":"2025-06-21T13:11:22","guid":{"rendered":"https:\/\/www.euramobil.de\/?page_id=135"},"modified":"2025-07-12T07:42:16","modified_gmt":"2025-07-12T07:42:16","slug":"mietfahrzeuge","status":"publish","type":"page","link":"https:\/\/www.euramobil.de\/de_at\/mietfahrzeuge\/","title":{"rendered":"Mietfahrzeuge"},"content":{"rendered":"","protected":false},"excerpt":{"rendered":"","protected":false},"author":1,"featured_media":0,"parent":0,"menu_order":0,"comment_status":"closed","ping_status":"closed","template":"","meta":{"_acf_changed":false,"_seopress_robots_primary_cat":"","_seopress_titles_title":"Mietfahrzeuge - Eura Mobil","_seopress_titles_desc":"Mieten Sie Eura Mobil Reisemobile f\u00fcr flexible Reisen \u00fcber unser europaweites H\u00e4ndlernetzwerk in h\u00f6chster Qualit\u00e4t und Komfort.","_seopress_robots_index":"","footnotes":""},"class_list":["post-135","page","type-page","status-publish","hentry"],"acf":[],"_links":{"self":[{"href":"https:\/\/www.euramobil.de\/de_at\/wp-json\/wp\/v2\/pages\/135","targetHints":{"allow":["GET"]}}],"collection":[{"href":"https:\/\/www.euramobil.de\/de_at\/wp-json\/wp\/v2\/pages"}],"about":[{"href":"https:\/\/www.euramobil.de\/de_at\/wp-json\/wp\/v2\/types\/page"}],"author":[{"embeddable":true,"href":"https:\/\/www.euramobil.de\/de_at\/wp-json\/wp\/v2\/users\/1"}],"replies":[{"embeddable":true,"href":"https:\/\/www.euramobil.de\/de_at\/wp-json\/wp\/v2\/comments?post=135"}],"version-history":[{"count":1,"href":"https:\/\/www.euramobil.de\/de_at\/wp-json\/wp\/v2\/pages\/135\/revisions"}],"predecessor-version":[{"id":136,"href":"https:\/\/www.euramobil.de\/de_at\/wp-json\/wp\/v2\/pages\/135\/revisions\/136"}],"wp:attachment":[{"href":"https:\/\/www.euramobil.de\/de_at\/wp-json\/wp\/v2\/media?parent=135"}],"curies":[{"name":"wp","href":"https:\/\/api.w.org\/{rel}","templated":true}]}}

Mieten Sie Eura Mobil Reisemobile für flexible Reisen über unser europaweites Händlernetzwerk in höchster Qualität und Komfort.
